{"id":21,"date":"2020-04-08T13:33:07","date_gmt":"2020-04-08T13:33:07","guid":{"rendered":"https:\/\/www.wandelmalkusch.de\/?page_id=21"},"modified":"2021-12-02T17:50:24","modified_gmt":"2021-12-02T17:50:24","slug":"cornelia-wandel","status":"publish","type":"page","link":"https:\/\/www.wandelmalkusch.de\/index.php\/cornelia-wandel\/","title":{"rendered":"Cornelia Wandel-Architekturzeichnungen"},"content":{"rendered":"<p><b>Entwurf einer Gastronomie-Einrichtung<br \/><\/b>Perspektive<\/p>\n<p><img loading=\"lazy\" decoding=\"async\" class=\"alignnone size-full wp-image-173\" src=\"https:\/\/www.wandelmalkusch.de\/wp-content\/uploads\/2021\/12\/Kloeckner2.jpg\" alt=\"\" width=\"1000\" height=\"707\" srcset=\"https:\/\/www.wandelmalkusch.de\/wp-content\/uploads\/2021\/12\/Kloeckner2.jpg 1000w, https:\/\/www.wandelmalkusch.de\/wp-content\/uploads\/2021\/12\/Kloeckner2-300x212.jpg 300w, https:\/\/www.wandelmalkusch.de\/wp-content\/uploads\/2021\/12\/Kloeckner2-768x543.jpg 768w\" sizes=\"auto, (max-width: 1000px) 100vw, 1000px\" \/><\/p>\n<p><b>Entwurf einer Gastronomie-Einrichtung<br \/><\/b>Grundriss-Skizze<\/p>\n<p><img loading=\"lazy\" decoding=\"async\" class=\"alignnone size-full wp-image-174\" src=\"https:\/\/www.wandelmalkusch.de\/wp-content\/uploads\/2021\/12\/Kloeckner1.jpg\" alt=\"\" width=\"1000\" height=\"707\" srcset=\"https:\/\/www.wandelmalkusch.de\/wp-content\/uploads\/2021\/12\/Kloeckner1.jpg 1000w, https:\/\/www.wandelmalkusch.de\/wp-content\/uploads\/2021\/12\/Kloeckner1-300x212.jpg 300w, https:\/\/www.wandelmalkusch.de\/wp-content\/uploads\/2021\/12\/Kloeckner1-768x543.jpg 768w\" sizes=\"auto, (max-width: 1000px) 100vw, 1000px\" \/><\/p>\n<p><b>Buchgalerie Mergemeier, D\u00fcsseldorf<br \/><\/b>Perspektive, realisiert<\/p>\n<p><img loading=\"lazy\" decoding=\"async\" class=\"alignnone size-full wp-image-175\" src=\"https:\/\/www.wandelmalkusch.de\/wp-content\/uploads\/2021\/12\/Merge.jpg\" alt=\"\" width=\"1000\" height=\"705\" srcset=\"https:\/\/www.wandelmalkusch.de\/wp-content\/uploads\/2021\/12\/Merge.jpg 1000w, https:\/\/www.wandelmalkusch.de\/wp-content\/uploads\/2021\/12\/Merge-300x212.jpg 300w, https:\/\/www.wandelmalkusch.de\/wp-content\/uploads\/2021\/12\/Merge-768x541.jpg 768w\" sizes=\"auto, (max-width: 1000px) 100vw, 1000px\" \/><\/p>\n<p><b>Neugestaltung der Niersbr\u00fccke, Wachtendonk<br \/><\/b>Grundriss, realisiert<\/p>\n<p><img loading=\"lazy\" decoding=\"async\" class=\"alignnone size-full wp-image-176\" src=\"https:\/\/www.wandelmalkusch.de\/wp-content\/uploads\/2021\/12\/Niersbruecke-1.jpg\" alt=\"\" width=\"1000\" height=\"1000\" srcset=\"https:\/\/www.wandelmalkusch.de\/wp-content\/uploads\/2021\/12\/Niersbruecke-1.jpg 1000w, https:\/\/www.wandelmalkusch.de\/wp-content\/uploads\/2021\/12\/Niersbruecke-1-300x300.jpg 300w, https:\/\/www.wandelmalkusch.de\/wp-content\/uploads\/2021\/12\/Niersbruecke-1-150x150.jpg 150w, https:\/\/www.wandelmalkusch.de\/wp-content\/uploads\/2021\/12\/Niersbruecke-1-768x768.jpg 768w\" sizes=\"auto, (max-width: 1000px) 100vw, 1000px\" \/><\/p>\n<p><b>Neugestaltung der Niersbr\u00fccke, Wachtendonk<br \/><\/b>Isometrie<\/p>\n<p><img loading=\"lazy\" decoding=\"async\" class=\"alignnone size-full wp-image-177\" src=\"https:\/\/www.wandelmalkusch.de\/wp-content\/uploads\/2021\/12\/Niersbruecke-2.jpg\" alt=\"\" width=\"1000\" height=\"1000\" srcset=\"https:\/\/www.wandelmalkusch.de\/wp-content\/uploads\/2021\/12\/Niersbruecke-2.jpg 1000w, https:\/\/www.wandelmalkusch.de\/wp-content\/uploads\/2021\/12\/Niersbruecke-2-300x300.jpg 300w, https:\/\/www.wandelmalkusch.de\/wp-content\/uploads\/2021\/12\/Niersbruecke-2-150x150.jpg 150w, https:\/\/www.wandelmalkusch.de\/wp-content\/uploads\/2021\/12\/Niersbruecke-2-768x768.jpg 768w\" sizes=\"auto, (max-width: 1000px) 100vw, 1000px\" \/><\/p>\n<p><b>Neugestaltung der Niersbr\u00fccke, Wachtendonk<br \/><\/b>Ausschnitt<\/p>\n<p><img loading=\"lazy\" decoding=\"async\" class=\"alignnone size-full wp-image-178\" src=\"https:\/\/www.wandelmalkusch.de\/wp-content\/uploads\/2021\/12\/Niersbruecke-3.jpg\" alt=\"\" width=\"1000\" height=\"1000\" srcset=\"https:\/\/www.wandelmalkusch.de\/wp-content\/uploads\/2021\/12\/Niersbruecke-3.jpg 1000w, https:\/\/www.wandelmalkusch.de\/wp-content\/uploads\/2021\/12\/Niersbruecke-3-300x300.jpg 300w, https:\/\/www.wandelmalkusch.de\/wp-content\/uploads\/2021\/12\/Niersbruecke-3-150x150.jpg 150w, https:\/\/www.wandelmalkusch.de\/wp-content\/uploads\/2021\/12\/Niersbruecke-3-768x768.jpg 768w\" sizes=\"auto, (max-width: 1000px) 100vw, 1000px\" \/><\/p>\n","protected":false},"excerpt":{"rendered":"<p>Entwurf einer Gastronomie-EinrichtungPerspektive Entwurf einer Gastronomie-EinrichtungGrundriss-Skizze Buchgalerie Mergemeier, D\u00fcsseldorfPerspektive, realisiert Neugestaltung der Niersbr\u00fccke, WachtendonkGrundriss, realisiert Neugestaltung der Niersbr\u00fccke, WachtendonkIsometrie Neugestaltung der Niersbr\u00fccke, WachtendonkAusschnitt<\/p>\n","protected":false},"author":1,"featured_media":0,"parent":0,"menu_order":0,"comment_status":"closed","ping_status":"closed","template":"","meta":{"ngg_post_thumbnail":0,"footnotes":""},"class_list":["post-21","page","type-page","status-publish","hentry"],"_links":{"self":[{"href":"https:\/\/www.wandelmalkusch.de\/index.php\/wp-json\/wp\/v2\/pages\/21","targetHints":{"allow":["GET"]}}],"collection":[{"href":"https:\/\/www.wandelmalkusch.de\/index.php\/wp-json\/wp\/v2\/pages"}],"about":[{"href":"https:\/\/www.wandelmalkusch.de\/index.php\/wp-json\/wp\/v2\/types\/page"}],"author":[{"embeddable":true,"href":"https:\/\/www.wandelmalkusch.de\/index.php\/wp-json\/wp\/v2\/users\/1"}],"replies":[{"embeddable":true,"href":"https:\/\/www.wandelmalkusch.de\/index.php\/wp-json\/wp\/v2\/comments?post=21"}],"version-history":[{"count":5,"href":"https:\/\/www.wandelmalkusch.de\/index.php\/wp-json\/wp\/v2\/pages\/21\/revisions"}],"predecessor-version":[{"id":182,"href":"https:\/\/www.wandelmalkusch.de\/index.php\/wp-json\/wp\/v2\/pages\/21\/revisions\/182"}],"wp:attachment":[{"href":"https:\/\/www.wandelmalkusch.de\/index.php\/wp-json\/wp\/v2\/media?parent=21"}],"curies":[{"name":"wp","href":"https:\/\/api.w.org\/{rel}","templated":true}]}}